- 7*x**2. Let w(g) = -2*g**3 - 15*g**2 + 1. Let j(y) = -5*n(y) + 2*w(y). Let s be 1/(3*(-3)/45). What is j(s)?
2
Let a = -247 - -248. Let r(q) = 0 - 2*q**2 - a - 48*q + 3*q**2 + 38*q. Give r(8).
-17
Let q(i) = 4*i + 61. Let y(w) = -11*w - 169. Let a(r) = -8*q(r) - 3*y(r). Calculate a(8).
27
Let z(w) = 19*w - 101. Let v(o) = 8*o - 47. Let p(t) = 7*v(t) - 3*z(t). Calculate p(-17).
-9
Let c(l) = 4*l**2 + 7*l**2 + 5*l**2 + 4*l**2 - l**3 - 3 - 1. Determine c(20).
-4
Let y(h) be the second derivative of -1/6*h**4 + 1/2*h**2 + 1/3*h**3 + 75*h + 0. Calculate y(-1).
-3
Let v(r) = 3*r + 2. Let o(p) = 3*p + 3. Let n(d) = 4*o(d) - 6*v(d). Suppose -6*u = 4*k - 142 + 104, -29 = 3*u - 4*k. Determine n(u).
-6
Let d(h) = 15*h - 1. Let t(q) = -108*q - 4. Let f(i) = 35*d(i) + 5*t(i). Give f(-4).
5
Suppose 836 + 1180 = 4*k. Let n(l) = 4*l + l - k + 500. Let u = 4 + -1. Determine n(u).
11
Let b = -51287 - -51290. Let p(a) be the second derivative of -a**3/6 - a. What is p(b)?
-3
Let t(o) be the third derivative of -1/120*o**6 + 2/15*o**5 + 1/3*o**3 + 0*o**4 + 0 + 0*o - 27*o**2. What is t(8)?
2
Suppose 5*z - 7*z - 234 = 0. Let l = z - -121. Let h(n) = -n**3 + 3*n**2 + n + 5. Determine h(l).
-7
Suppose -19*b - 120 + 956 = 0. Let m(p) = 203*p + 192*p - 595*p - b + 198*p. Give m(-22).
0
Let z(v) = v**2 - 4*v + 2. Suppose -5*y + 309 = -4*p + 319, -5*y + 20 = 2*p. Calculate z(p).
7
Suppose z - 2 = 4*o, 6 = 3*o + 3*z - 0. Suppose o = -146*q + 140*q - 6. Let l(u) = -4*u**2 + u + 1. What is l(q)?
-4
Let w(x) = -205*x + 900. Let r(o) = 23*o - 103. Let p(s) = 35*r(s) + 4*w(s). What is p(-4)?
55
Let f(x) = x**2 + 20. Suppose -27*h - 1 + 6 = 5. Determine f(h).
20
Let l(x) = -3*x + 29. Let a = 13062 + -13057. Give l(a).
14
Let c(p) = p**3 - 24*p**2 + 95*p - 3. Let i be c(19). Let x(v) = 7*v - 4. Let g(n) = -8*n + 5. Let z(y) = 6*g(y) + 7*x(y). What is z(i)?
-1
Let n(g) be the second derivative of -g**4/12 + 13*g**3/6 - 4*g**2 + 7*g + 12. Calculate n(14).
-22
Let n be (-7)/(-3) + ((-7)/(-9))/(7/6). Let b(m) be the third derivative of 1/6*m**n + 0 - 1/24*m**4 - 23*m**2 + 0*m + 1/10*m**5 + 1/120*m**6. What is b(-6)?
7
Let p(l) = -1473854*l**3 - 2 - 2*l + 1473855*l**3 + l - 11*l**2 + 12. Let k be (12 - 1)/(3/3). What is p(k)?
-1
Let i(w) = 7*w + 3*w + 5*w - 31*w - 19 + 11*w. Calculate i(-6).
11
Let t = -330 + 320. Let i(h) = 4*h + 12. Let d(y) = -7*y - 23. Let w(v) = 3*d(v) + 5*i(v). Calculate w(t).
1
Let c(u) = u**3 - 2*u**2 - 3*u + 4. Let p be c(0). Let z(a) = -p*a**2 - 5*a**2 + 4*a**2 + 9 + 9*a - a**3. Calculate z(-6).
-9
Let u(l) be the third derivative of l**5/30 - 5*l**4/12 + 5*l**3/6 - l**2 + 183. Calculate u(4).
-3
Let w = -4867 + 4865. Let g(y) = -4*y**2 + 4*y + 5. Determine g(w).
-19
Let w(b) = -2*b**2 + 7*b - 10. Suppose 0 = -2*u + 6*u + 16, 3*u + 24 = 3*t. What is w(t)?
-14
Let s(m) be the third derivative of m**5/60 - m**4/24 - m**3/6 - 15*m**2 + 6*m - 1. Let w be ((-2)/(-2) - 3)*1. Calculate s(w).
5
Let g be 0 - (-9 + 4) - 3. Let r(l) = -1064*l + g - 3 + 1063*l. Calculate r(6).
-7
Let p(m) = -2*m**2 + m + 35. Suppose g + 50*g - 4*g + 188 = 0. What is p(g)?
-1
Let d be 19/((-4 - -12) + -7) - 2. Let l(m) = -m**2 + 20*m - 22. What is l(d)?
29
Let s(i) = -321*i - 959. Let o be s(-3). Let l(u) be the third derivative of 1/6*u**3 - 1/6*u**o + 0 + 0*u - 5*u**2. Calculate l(-1).
5
Let z(w) = w**3 + 14*w**2 + 14*w + 18. Let g be z(-13). Let x(m) = -g*m + m**2 - 11 - 9*m + 10*m + 8. Let q = 12 - 7. Determine x(q).
2
Let k(z) = -z**2 - 5*z + 1. Let y be (-1)/2*-10*(-78)/1. Let s be (-32)/(-40) - y/(-50). Give k(s).
-13
Suppose 2*z + 10 = -0*z. Let n(a) = 11*a + 82*a**2 + 74*a**2 - 98*a**2 - 56*a**2 + 4. Give n(z).
-1
Let t(s) = s**3 + 5*s**2 + s - 6. Suppose 130 + 23 = -26*b + 23. Calculate t(b).
-11
Let f(v) be the first derivative of -v**5/20 + 5*v**4/12 + 4*v**3/3 - 9*v**2/2 - 57*v + 53. Let p(g) be the first derivative of f(g). Determine p(6).
3
Let x(u) be the third derivative of 1/40*u**6 + 1/6*u**3 + 4*u**2 - 1/30*u**5 + 0*u**4 + 0*u + 0. Let l = 175 - 174. Determine x(l).
2
Suppose -345 = -5*d - 5*c, 0 = 5*d - 4*c + 3*c - 339. Let q = -65 + d. Let a(k) = 0*k**2 + 2*k**2 - 5*k**3 + q*k + 2 + 7*k**3 + 2*k**2. Determine a(-2).
-4
Let g(t) = 6*t - 3. Let z(q) = q. Let o(k) = g(k) - 5*z(k). Let x be (-1632)/264 - (-2)/11. Let j be (x/4)/(18/36). Calculate o(j).
-6
Let x(i) = -i**3 - 9*i**2 - 12*i - 26. Let r be x(-8). Let z(d) = 8*d - 22. Let a(t) = -3*t + 9. Let j(q) = 12*a(q) + 5*z(q). What is j(r)?
22
Let n(p) = 3*p**3 - 37*p**2 + 14*p - 12. Let m(t) = -t**3 + 16*t**2 - 7*t + 6. Let f(r) = 5*m(r) + 2*n(r). What is f(-7)?
6
Let n(p) = p**3 - 27*p**2 - 59*p + 41. Let f be n(29). Let u(x) = 21*x**2 - 3*x - 6*x**3 + 8 + 5*x**3 + 10 - f*x**2. Calculate u(9).
-9
Let b(t) = -13*t - 1. Let l(i) = -10*i. Let z be 5 + 138/(-30) + (-18)/(-5). Let f(s) = z*l(s) - 3*b(s). Let c(k) = -2*k + 1. Let j be c(-1). What is f(j)?
0
Let t(d) = -5*d + 32. Suppose 3 = 2*f - 4*b - 5, 0 = 4*f + b - 25. Let r be t(f). Let w(g) = r + 2 - 4*g - g + 4*g. Give w(-5).
9
Let t = -9 + 11. Let x(l) = -l**2 + 4941 - 4939 + l**3 - l**2 - l. What is x(t)?
0
Let w(k) = -k**2 + 10. Let p be (-168)/(-15) + (-2)/10. Suppose 32*m = p*m. What is w(m)?
10
Let k = 8924 - 8917. Let u(v) = v**2 - 9*v + 12. Give u(k).
-2
Suppose -39 = -26*j - 9*j + 66. Let b(w) be the first derivative of -4/3*w**j - 1/4*w**4 + 1/2*w**2 + 2*w + 41. Calculate b(-4).
-2
Let r(x) = -x + 8. Let t = -51 + 29. Let y = t + 17. Let d = y - -9. Determine r(d).
4
Let r(q) be the third derivative of -128*q**2 + 0*q + 4/3*q**3 - 1/24*q**4 + 0. What is r(0)?
8
Let v(o) = o**2 - 9*o + 28. Let a be v(13). Let i(q) = 42 - a + 44 + q**2 + 11*q. Let x = -34 - -24. What is i(x)?
-4
Let c(x) = -x**3 + 5*x**2 - 90*x + 171. Let i be c(2). Let j(v) = -v**2 + 15*v - 50. Determine j(i).
-14
Let u(z) = -z. Let l(d) = -d - 1. Let t(p) = l(p) + 2*u(p). Suppose -4*g - 268 = -5*x + 9*x, 4*x - 16 = 0. Let k = g - -70. Give t(k).
2
Let h(p) = -7*p**3 + 7*p**2 + 5*p - 8. Let b = 121 + -178. Let l = b + 52. Let r(o) = -6*o**3 + 7*o**2 + 4*o - 7. Let n(j) = l*h(j) + 6*r(j). Give n(7).
-9
Let k = 7937 + -7944. Let s(x) = -x**2 - 10*x - 7. Determine s(k).
14
Let g(a) = -9*a - 2. Let y = -11284 + 11275. Give g(y).
79
Suppose -2*n = 414 - 490. Let b(o) = -o**2 + 39*o - 32. Determine b(n).
6
Let w(o) be the third derivative of o**5/30 + 7*o**4/24 - 2*o**3/3 + o**2. Suppose 289 = -170*x - 391 - 340. Give w(x).
26
Let u(n) = 77*n + 1690. Let f be u(-22). Let s(g) = 94*g + 380. What is s(f)?
4
Let o(l) = -2*l**2 + 1 + 2*l**2 + 2*l + 5*l**3. Let m(i) = -i**3 + 8*i - 5. Let w be m(2). Suppose -17 + w = 14*n. Calculate o(n).
-6
Let q(l) = l**3 - l**2 + l - 1. Let z = 72 - 68. Let m(d) = -d**3 + 4*d**2 + 1. Let v be m(z). Give q(v).
0
Let f(a) = a**3 + 5*a**2 + a - 7. Let y(k) = -3*k**2 + 38 - 18*k - 15 + 5*k**2 + 0*k**2. Let i = 107 - 100. Let v be y(i). Calculate f(v).
-12
Let c(h) be the second derivative of h**5/10 + h**4/3 - 7*h**3/6 - 5*h**2 + 819*h. What is c(-3)?
-7
Let p(u) = 17*u - 27. Let n(o) = 20*o - 31. Let i(y) = 2*n(y) - 3*p(y). Calculate i(3).
-14
Let g(b) = -b**3 - 8*b**2 + 11*b + 18. Let n be g(-9). Suppose o - 30 = 3*u, n*o + 2*o - 50 = 5*u. Let d(r) = r**2 + 8*r - 14. Calculate d(u).
6
Let m(u) be the first derivative of u**3/3 - u**2/2 - u - 2898. Determine m(-6).
41
Let v(n) be the third derivative of -n**6/120 - n**5/30 + 17*n**4/24 + 2*n**3/3 + 478*n**2. What is v(-5)?
-6
Let o(m) = -6*m - 9*m + m**2 + 8 + 3*m. Suppose -4*r + 2*u + 83 + 75 = 0, 2*r + u = 89. Suppose 4*a + 11*f = 14*f + r, -2*a + 16 = -4*f. What is o(a)?
8
Let j(m) = -3*m**3 + 18*m**2 + 20*m. Let d(q) = -53*q + 2763. Let w be d(52). Determine j(w).
-7
Let r(d) = -d**2 + 5*d - 2. Suppose -4*x - b = -13, 3*b = -6*x + 4*x - 1. Suppose -t - x = 1, u = -t + 15. Suppose 5*j = j + u. Determine r(j).
-2
Suppose 0 = -i - 14 + 5. Let z(j) = 11*j**2 + 3*j + 3. Let b = -574 + 570. Let p(u) = -5*u**2 - 2*u - 2. Let l(d) = b*z(d) + i*p(d). Determine l(-5).
1
Let a(l) be the third derivative of -l**5/60 - 5*l**4/24 + 4*l**3/3 - l**2. Suppose 1206*k - 1071*k = -810. Calculate a(k).
2
Let b(f) = -18*f - 13. Let v = -2421 - -2424. Determine b(v).
-67
Let y(j) be the third derivative of j**6/120 - j**5/12 - 